 k = n - 167. Let z = 186 + k. Calculate the remainder when z is divided by 30.
29
Suppose -8*d + 252 = -d. Let l = d + -33. Suppose 3*p + l*v = 8*v + 26, -5 = -p - 2*v. What is the remainder when 22 is divided by p?
1
Let r be 110/(-130) - (-4)/(-26). What is the remainder when (35/10)/7 + 246/12 is divided by ((-6)/12)/(r/24)?
9
Let s = 148 - 116. Suppose -38*l + 36 = -s*l. Calculate the remainder when l is divided by 2.
0
Suppose 0 = -17*h + 21*h + 72. Calculate the remainder when 93 is divided by 9 + 36/(-6) - h.
9
Suppose 2*y + 228 = -422. Let z = y - -339. Calculate the remainder when 219 is divided by z.
9
Let z(l) = 47*l**2 + 2*l - 1. Let r be z(1). Let m = 72 - r. What is the remainder when 47 is divided by m?
23
Let t = -795 + 2247. What is the remainder when t is divided by 60?
12
Let q = 13 + -327. Let t = 318 + q. Calculate the remainder when 49 is divided by t.
1
Let c(h) = h**3 - 2*h**2 - 17*h - 20. Let f be c(6). Suppose 33*l - f*l = 363. Calculate the remainder when 95 is divided by l.
29
Suppose 7*o + 9 = 9. Suppose o = -19*g + 20*g + 165. What is the remainder when 3 - g - (5 + 0) is divided by 11?
9
Suppose 0 = 3*l - a - 44394, 5*l - 19*a - 73973 = -23*a. What is the remainder when l is divided by 151?
150
Suppose 26 = 2*u + 4*w, -5*u + 5*w - 38 = -43. Calculate the remainder when (52/(-10))/(4/(-20)) is divided by u.
1
Suppose 121*a - 117*a = -2*r + 38, -3*r + a + 85 = 0. What is the remainder when r is divided by (-51)/(-9)*3 - 0?
10
Suppose -16*i + 8*i + 576 = 0. Suppose -3*p = 9, 3*u + 31*p - i = 28*p. Calculate the remainder when 456 is divided by u.
24
Suppose 100 = -v + 4*v + 4*y, -3*v = -5*y - 118. Suppose -t + 107 = -v. Let c = 281 - t. What is the remainder when c is divided by 35?
33
Let d be (-6 - -1)*(-2)/(-5). Let i(a) = a**3 + 6*a**2 + 3*a + 1. Suppose 76*t + 210*t - 5010 - 710 = 0. Calculate the remainder when t is divided by i(d).
9
Suppose 104*o - 1441 = 327. What is the remainder when 1383 is divided by o?
6
Suppose -24*w = 17831 - 5015. Let d = w + 784. What is the remainder when d is divided by 21?
19
Suppose -12*w - 7*w = 3420. Let b = w + 188. What is the remainder when 60 is divided by b?
4
Let k(m) = m**3 + 30*m**2 + 17*m - 832. What is the remainder when k(-28) is divided by 19?
13
Suppose -6065 = -5*m - 5*k, 4*m = -7*k + 2*k + 4851. Suppose -46*u = -350 - m. What is the remainder when 143 is divided by u?
7
Let b = 11077 + -10914. Calculate the remainder when 1313 is divided by b.
9
Suppose 7*r = 127 + 111. Suppose -2*x + 3 = -1. Suppose 2*t - r = -x. Calculate the remainder when 42 is divided by t.
10
Suppose -4*a + 5*c + 2912 + 1142 = 0, -2*a + 2006 = c. Calculate the remainder when a is divided by 14.
12
Let u be ((-5)/12*3)/((-2)/8). Suppose u*t - 8*t = -57. Suppose -t - 23 = -2*p. What is the remainder when 124 is divided by p?
19
Suppose 282 = 6*b + 258. Calculate the remainder when (((-594)/b)/9)/(4/(-72)) is divided by 25.
22
Suppose 0 = 431*o - 30659 - 32698. Suppose 2*s - 4*l = 55 + 3, -4*s + 5*l + 107 = 0. What is the remainder when o is divided by s?
9
What is the remainder when -5*((-356)/10 - (-29 + 22)) is divided by 44?
11
Let h(f) = 15*f**2 + 3*f + 4. Let s be h(10). Let t = -3234 + s. Calculate the remainder when t/(-24) + (-4)/(-24) is divided by 12.
11
Suppose 0 = -18*z - 12*z - 510. Let h(l) = -l - 12. Let x(k) = k + 11. Let j(a) = 3*h(a) + 2*x(a). Calculate the remainder when 5 is divided by j(z).
2
Let p = -49 + 52. Suppose -7*k + 12 = p*d - 4*k, k - 5 = -2*d. Calculate the remainder when (((-21)/(-6))/d - 3)*12 is divided by 3.
0
What is the remainder when 1 + ((-18)/(-63) - (-402)/14) is divided by 118/6 + ((-68)/(-6))/(-17)?
11
Let i(h) = h**3 + 13*h**2 + 30*h + 7. Let c be i(-8). Suppose -17*u + 20*u - c = 0. What is the remainder when u is divided by 4?
1
Let k(v) = 3*v. Let q be k(-4). Let c be (39/(-9) + 3)*27/q. What is the remainder when 4/(c/(-99)*-3) is divided by 24?
20
What is the remainder when 388 is divided by (-3 - (-3 - -1))/(-9 - (-696)/78)?
11
Suppose -70*j = -54*j - 24064. What is the remainder when j is divided by 62?
16
Let h(i) = -i**3 + 24*i**2 - 94*i + 27. Calculate the remainder when 263 is divided by h(5).
7
Let q(d) be the second derivative of 3*d**5/20 - 11*d**4/12 + 10*d**3/3 - 3*d**2/2 - 139*d. What is the remainder when q(7) is divided by 15?
12
Suppose o - 3*o - 58 = 0. Let s = 8942 + -8871. Let p = o + s. Calculate the remainder when 123 is divided by p.
39
Let t(i) be the third derivative of -i**6/120 + 3*i**5/20 - i**4/8 - i**3 + 2*i**2 - i. Calculate the remainder when 150 is divided by t(3).
33
Suppose -v + 60 = 3*j, -3*v + 5*j + 144 = 6. Suppose -5*u - 3*h = v - 263, 4*u - 140 = 5*h. Calculate the remainder when 153 is divided by u.
33
Suppose 527 = 3*f + 2*h, 6*h - 3*h + 183 = f. What is the remainder when f is divided by 139 + 15*(-2256)/720?
85
Suppose x + 7*x = 616. Let j = x - 92. What is the remainder when 3 is divided by (-4 + (-50)/j)*18/(-4)?
0
Let j(y) = -2*y - 3 + 7*y**3 - 6*y + 4*y**2 - 16 - 6*y**3. Let p be j(-6). Let a = p - -72. What is the remainder when a is divided by 8?
5
Suppose -20*i + 21*i - 5*j - 23 = 0, -i - 10*j + 83 = 0. Calculate the remainder when 1072 is divided by i.
40
Let q = -22258 + 22739. Calculate the remainder when q is divided by 401.
80
Let z = 5297 - 5181. Calculate the remainder when 124 is divided by z.
8
Suppose 120 = 50*n - 20*n. Calculate the remainder when 2422 is divided by n.
2
Calculate the remainder when 79/158 + 1663/2 is divided by 25.
7
Suppose 0 = -r + 3, i = 2*r - 2. Suppose 3*q - i*q + 9 = 0. What is the remainder when 142 is divided by q?
7
Let k = 2297 + -2291. Calculate the remainder when 1245 is divided by k.
3
Let n(y) = 6*y**2 - 5*y - 1. Let l be (-815)/75 + (-8)/60. Let f be n(l). Suppose f = 11*z + 4*z. What is the remainder when z is divided by 18?
16
Suppose 0 = i - s - 4*s - 34, 86 = 5*i + 3*s. Suppose -4*c = 3*c - 21. Suppose -c*o = f - 25, 0 = -4*o - o + 25. What is the remainder when i is divided by f?
9
Let p(g) = g**3 + 14*g**2 + 21*g - 17. Let w(b) = b**2 - 3*b + 4. Let m be w(2). Calculate the remainder when 72/(1 + -3 + m - -1) is divided by p(-12).
15
Let i(t) be the first derivative of -t**4/4 - 19*t**3/3 - 44*t**2 + 9*t + 219. What is the remainder when 233 is divided by i(-11)?
8
Let u(g) = 187*g**3 + 3*g**2 - 1. Let b be u(1). Let f be (-2)/9 + (-2226)/b. Let i = -5 - f. Calculate the remainder when 12 is divided by i.
5
Let m(w) = 3*w - 18. Let u be m(7). Suppose 0*h = 2*c - u*h - 6, 4*c - 6 = 3*h. Suppose -2*s - 2*s + 188 = c. Calculate the remainder when s is divided by 24.
23
Let x(w) = -7*w**2 + 2*w + 1. Let f be x(-1). Let r(c) = -30*c - 224. Calculate the remainder when 142 is divided by r(f).
14
Let k = 41333 - 40722. Calculate the remainder when 4284 is divided by k.
7
Let k(h) = h**2 + 12*h - 17. Let v be 9/((4/2)/(-2)). Let j be k(v). Let f = j + 68. Calculate the remainder when f is divided by 7.
3
Suppose -w = s - 2287, -6 = 1908*s - 1905*s. What is the remainder when w is divided by 378?
21
Let f(j) = 2*j**2 + 317*j - 3339. What is the remainder when 696 is divided by f(10)?
14
Suppose 262*l - 258*l + 3*k = 680, 0 = l - k - 184. What is the remainder when 10558 is divided by l?
174
What is the remainder when (-40 + 2975/70)/((-1*2)/(-676)) is divided by 52?
13
What is the remainder when 43899*4/48 + -12 + 329/28 is divided by 15?
13
Suppose -2*q - 5*o + 49 = 0, -q + o = -36 + 1. Calculate the remainder when 696 is divided by q.
24
Suppose -201*x + 24 = -205*x, 3*o + 5*x = 13731. What is the remainder when o is divided by 13?
11
Suppose -5*t = y + 207, -4*y + 3*y - 123 = 3*t. Let z = t - -55. What is the remainder when (-3)/(-7) + (-2700)/(-21) is divided by z?
12
Let o be (-3 - -2)/((-19)/95). Suppose k + 216 = o*k. Let l(f) = 4*f**2 - 2*f. Calculate the remainder when k is divided by l(-2).
14
Suppose 2*r = -4*q + 4628, 3*q - 4988 - 6603 = -5*r. Calculate the remainder when r is divided by 763.
31
Let s be 2046/15 + (-2)/5. Calculate the remainder when 4 is divided by s/48 + 1*4/24.
1
Suppose -9295 - 15591 = -46*x. Calculate the remainder when x is divided by 46.
35
What is the remainder when 11*-2*(0 - 1/2) is divided by (3/4)/(4/(-64)*